{"id":19,"date":"2019-07-24T14:27:43","date_gmt":"2019-07-24T14:27:43","guid":{"rendered":"http:\/\/www.ppnatur.pt\/?p=19"},"modified":"2021-07-27T15:19:54","modified_gmt":"2021-07-27T15:19:54","slug":"contact","status":"publish","type":"page","link":"https:\/\/www.ppnatur.pt\/?page_id=19","title":{"rendered":"Contacto"},"content":{"rendered":"<h2>Entre em contacto<\/h2>\n<div>\n<p><span>Rua de S\u00e3o Sebasti\u00e3o, N\u00ba 44<\/span><span>\u00a0<\/span><span>5200-090<\/span><span>\u00a0<\/span><span>Bru\u00e7\u00f3<\/span><\/p>\n<\/div>\n<ul>\n<li>\n<h3>Telemovel<\/h3>\n<div>\n<p>+351 224643411<\/p>\n<\/div>\n<\/li>\n<li>\n<h3>Email<\/h3>\n<div>\n<p>geral@ppnatur.pt<\/p>\n<\/div>\n<\/li>\n<\/ul>\n<h2>Hor\u00e1rio<\/h2>\n<ul>\n<li>\n<h3>Seg. &#8211; Sexta<\/h3>\n<div>\n<p>9H00 &#8211; 18H00<\/p>\n<\/div>\n<\/li>\n<li>\n<h3>Domingo<\/h3>\n<div>\n<p>Encerrados<\/p>\n<\/div>\n<\/li>\n<\/ul>\n<div>\n<h3>Almo\u00e7o<\/h3>\n<div>\n<p>12H30\u00a0 &#8211; 13H30<\/p>\n<\/div>\n<\/div>\n<h2>Compras<\/h2>\n<div>\n<p>+351 224643411<br \/>Encomendas &#8211; 9H00 &#8211; 18H00<\/p>\n<\/div>\n<div>\n<p>41.2408,-6.6790<\/p>\n<h3>PPNATUR<\/h3>\n<div>\n<p>123 Main Street, Anytown<br \/> <br \/>\nEngland, United Kingdom<\/p>\n<p><a href=\"mailto:\ntable@example.com\">table@example.com<\/a><br \/>\n<a class=\"uk-link-reset\" href=\"tel:+44 (0)555 555 5555\">+44 (0)555 555 5555<\/a><\/p>\n<\/div>\n<\/div>\n<p><!--more--><br \/>\n<!-- {\"name\":\"Services\",\"type\":\"layout\",\"children\":[{\"name\":\"Contact\",\"type\":\"section\",\"props\":{\"width\":\"default\",\"padding\":\"large\",\"style\":\"default\",\"animation\":\"fade\",\"media\":\"images\\\/demo\\\/demo-image_01.jpg\",\"image_size\":\"cover\",\"image_position\":\"center-center\",\"padding_remove_bottom\":false,\"vertical_align\":\"middle\",\"title_position\":\"top-left\",\"title_rotation\":\"left\",\"title_breakpoint\":\"xl\"},\"children\":[{\"name\":\"\",\"type\":\"row\",\"props\":{\"layout\":\"1-3,1-3,1-3\",\"width\":\"default\",\"margin\":\"xlarge\",\"column_gap\":\"large\",\"row_gap\":\"large\"},\"children\":[{\"name\":\"\",\"type\":\"column\",\"props\":{\"image_position\":\"center-center\",\"media_overlay_gradient\":\"\",\"width_medium\":\"1-3\"},\"children\":[{\"name\":\"\",\"type\":\"headline\",\"props\":{\"title_element\":\"h2\",\"title_style\":\"h4\",\"content\":\"Entre em contacto\",\"margin_remove_bottom\":true,\"margin\":\"medium\",\"title_decoration\":\"divider\"}},{\"name\":\"\",\"type\":\"text\",\"props\":{\"column_breakpoint\":\"m\",\"margin\":\"default\",\"content\":\"\n\n<p><span>Rua de S\\u00e3o Sebasti\\u00e3o, N\\u00ba 44<\\\/span><span>\\u00a0<\\\/span><span>5200-090<\\\/span><span>\\u00a0<\\\/span><span>Bru\\u00e7\\u00f3<\\\/span><\\\/p>\",\"text_align\":\"left\"}},{\"name\":\"\",\"type\":\"description_list\",\"props\":{\"show_link\":true,\"list_size\":\"\",\"layout\":\"grid-2\",\"show_title\":true,\"show_meta\":true,\"show_content\":true,\"meta_style\":\"meta\",\"meta_align\":\"below-content\",\"title_grid_column_gap\":\"small\",\"title_grid_row_gap\":\"small\",\"title_grid_width\":\"small\",\"list_element\":\"ul\",\"column_breakpoint\":\"m\",\"title_element\":\"div\"},\"children\":[{\"name\":\"\",\"type\":\"description_list_item\",\"props\":{\"title\":\"Telemovel\",\"content\":\"\n\n<p>+351 224643411<\\\/p>\"}},{\"name\":\"\",\"type\":\"description_list_item\",\"props\":{\"title\":\"Email\",\"content\":\"\n\n<p>geral@ppnatur.pt<\\\/p>\",\"link\":\"\"}}]}]},{\"name\":\"\",\"type\":\"column\",\"props\":{\"image_position\":\"center-center\",\"media_overlay_gradient\":\"\",\"width_medium\":\"1-3\"},\"children\":[{\"name\":\"\",\"type\":\"headline\",\"props\":{\"title_element\":\"h2\",\"title_style\":\"h4\",\"content\":\"Hor\\u00e1rio\",\"margin\":\"medium\",\"margin_remove_bottom\":true,\"title_decoration\":\"divider\"}},{\"name\":\"\",\"type\":\"description_list\",\"props\":{\"show_link\":true,\"layout\":\"grid-2\",\"show_title\":true,\"show_meta\":true,\"show_content\":true,\"meta_style\":\"meta\",\"meta_align\":\"below-content\",\"title_grid_column_gap\":\"small\",\"title_grid_row_gap\":\"small\",\"title_grid_width\":\"small\",\"list_size\":\"\",\"list_element\":\"ul\",\"column_breakpoint\":\"m\",\"title_element\":\"div\"},\"children\":[{\"name\":\"\",\"type\":\"description_list_item\",\"props\":{\"title\":\"Seg. - Sexta\",\"content\":\"\n\n<p>9H00 - 18H00<\\\/p>\"}},{\"name\":\"\",\"type\":\"description_list_item\",\"props\":{\"title\":\"Domingo\",\"content\":\"\n\n<p>Encerrados<\\\/p>\"}}]},{\"name\":\"\",\"type\":\"description_list\",\"props\":{\"show_link\":true,\"layout\":\"grid-2\",\"show_title\":true,\"show_meta\":true,\"show_content\":true,\"meta_style\":\"meta\",\"meta_align\":\"below-content\",\"title_grid_column_gap\":\"small\",\"title_grid_row_gap\":\"small\",\"title_grid_width\":\"small\",\"list_size\":\"\",\"list_element\":\"ul\",\"column_breakpoint\":\"m\",\"title_element\":\"div\"},\"children\":[{\"name\":\"\",\"type\":\"description_list_item\",\"props\":{\"title\":\"Almo\\u00e7o\",\"content\":\"\n\n<p>12H30\\u00a0 - 13H30<\\\/p>\"}}]}]},{\"name\":\"\",\"type\":\"column\",\"props\":{\"image_position\":\"center-center\",\"media_overlay_gradient\":\"\",\"width_medium\":\"1-3\"},\"children\":[{\"name\":\"\",\"type\":\"headline\",\"props\":{\"title_element\":\"h2\",\"title_style\":\"h4\",\"content\":\"Compras\",\"margin_remove_bottom\":false,\"title_decoration\":\"divider\"}},{\"name\":\"\",\"type\":\"text\",\"props\":{\"column_breakpoint\":\"m\",\"margin\":\"remove-vertical\",\"content\":\"\n\n<p>+351 224643411<br \\\/>Encomendas - 9H00 - 18H00<\\\/p>\",\"margin_remove_bottom\":true}}]}]}]},{\"name\":\"Map\",\"type\":\"section\",\"props\":{\"style\":\"default\",\"width\":\"\",\"image_position\":\"center-center\",\"padding\":\"none\",\"vertical_align\":\"middle\",\"title_position\":\"top-left\",\"title_rotation\":\"left\",\"title_breakpoint\":\"xl\"},\"children\":[{\"name\":\"\",\"type\":\"row\",\"children\":[{\"name\":\"\",\"type\":\"column\",\"props\":{\"image_position\":\"center-center\",\"media_overlay_gradient\":\"\",\"width_medium\":\"1-1\"},\"children\":[{\"name\":\"\",\"type\":\"map\",\"props\":{\"type\":\"roadmap\",\"zoom\":\"16\",\"controls\":false,\"zooming\":false,\"dragging\":false,\"show_title\":true,\"styler_lightness\":\"90\",\"styler_saturation\":\"-100\",\"styler_gamma\":\"0.3\",\"height\":\"600\",\"show_meta\":true,\"show_content\":true,\"show_image\":true,\"show_link\":true,\"min_zoom\":0,\"max_zoom\":18,\"title_hover_style\":\"reset\",\"title_element\":\"h3\",\"meta_style\":\"meta\",\"meta_align\":\"below-title\",\"meta_element\":\"div\",\"image_svg_color\":\"emphasis\",\"link_text\":\"Read more\",\"link_style\":\"default\",\"margin\":\"default\"},\"children\":[{\"name\":\"\",\"type\":\"map_item\",\"props\":{\"location\":\"41.2408,-6.6790\",\"title\":\"PPNATUR\",\"content\":\"\n\n<p>123 Main Street, Anytown<br \/> \\nEngland, United Kingdom<\\\/p>\\n\n\n<p><a href=\\\"mailto:\\ntable@example.com\\\">table@example.com<\\\/a><br \/>\\n<a class=\\\"uk-link-reset\\\" href=\\\"tel:+44 (0)555 555 5555\\\">+44 (0)555 555 5555<\\\/a><\\\/p>\"}}]}]}]}]}],\"version\":\"2.5.8\"} --><\/p>\n","protected":false},"excerpt":{"rendered":"<p>Entre em contacto Rua de S\u00e3o Sebasti\u00e3o, N\u00ba 44\u00a05200-090\u00a0Bru\u00e7\u00f3 Telemovel +351 224643411 Email geral@ppnatur.pt Hor\u00e1rio Seg. &#8211; Sexta 9H00 &#8211; 18H00 Domingo Encerrados Almo\u00e7o 12H30\u00a0 &#8211; 13H30 Compras +351 224643411Encomendas &#8211; 9H00 &#8211; 18H00 41.2408,-6.6790 PPNATUR 123 Main Street, Anytown England, United Kingdom table@example.com +44 (0)555 555 5555<\/p>\n","protected":false},"author":1,"featured_media":0,"parent":0,"menu_order":2,"comment_status":"open","ping_status":"open","template":"","meta":[],"_links":{"self":[{"href":"https:\/\/www.ppnatur.pt\/index.php?rest_route=\/wp\/v2\/pages\/19"}],"collection":[{"href":"https:\/\/www.ppnatur.pt\/index.php?rest_route=\/wp\/v2\/pages"}],"about":[{"href":"https:\/\/www.ppnatur.pt\/index.php?rest_route=\/wp\/v2\/types\/page"}],"author":[{"embeddable":true,"href":"https:\/\/www.ppnatur.pt\/index.php?rest_route=\/wp\/v2\/users\/1"}],"replies":[{"embeddable":true,"href":"https:\/\/www.ppnatur.pt\/index.php?rest_route=%2Fwp%2Fv2%2Fcomments&post=19"}],"version-history":[{"count":15,"href":"https:\/\/www.ppnatur.pt\/index.php?rest_route=\/wp\/v2\/pages\/19\/revisions"}],"predecessor-version":[{"id":1148,"href":"https:\/\/www.ppnatur.pt\/index.php?rest_route=\/wp\/v2\/pages\/19\/revisions\/1148"}],"wp:attachment":[{"href":"https:\/\/www.ppnatur.pt\/index.php?rest_route=%2Fwp%2Fv2%2Fmedia&parent=19"}],"curies":[{"name":"wp","href":"https:\/\/api.w.org\/{rel}","templated":true}]}}