{"id":2,"date":"2019-07-24T14:27:43","date_gmt":"2019-07-24T14:27:43","guid":{"rendered":"http:\/\/www.ppnatur.pt\/?p=2"},"modified":"2021-07-27T15:37:52","modified_gmt":"2021-07-27T15:37:52","slug":"our-story","status":"publish","type":"page","link":"https:\/\/www.ppnatur.pt\/?page_id=2","title":{"rendered":"Acerca"},"content":{"rendered":"<h1>Acerca<\/h1>\n<div>Produzimos Azeite de qualidade<\/div>\n<div>\n<p>        <img src=\"\/wp-content\/uploads\/2021\/07\/img_02.jpg\" alt=\"\"><\/p>\n<\/div>\n<h2>A nossa actividade<\/h2>\n<div>\n<ul>\n<li>Produ\u00e7\u00e3o agr\u00edcola, cultura da oliveira e cultura de vinhas, incluindo o com\u00e9rcio a retalho e por grosso dos produtos resultantes da transforma\u00e7\u00e3o dos seus frutos, designadamente do azeite e do vinho;<\/li>\n<li>Cultura de produtos hort\u00edcolas, ra\u00edzes e tub\u00e9rculos:<\/li>\n<li>Consultoria no dom\u00ednio agr\u00edcola e ambiental;<\/li>\n<li>Turismo no espa\u00e7o rural.<\/li>\n<\/ul>\n<\/div>\n<h2>A nossa paix\u00e3o<\/h2>\n<div>\n<p>A tradi\u00e7\u00e3o aliada \u00e0 modernidade, unem-se na produ\u00e7\u00e3o de azeite na Quinta do Rebent\u00e3o, no Parque Natural do Douro Internacional. Os azeites aqui produzidos destacam-se pelo sabor e aroma, dando origem a um produto 100% natural, conseguido pelas boas condi\u00e7\u00f5es climat\u00e9ricas, pela escolha de variedades de azeitona de qualidade e pelo investimento em t\u00e9cnicas avan\u00e7adas para a sua produ\u00e7\u00e3o. O azeite proveniente da Quinta do Rebent\u00e3o \u00e9 o acompanhamento ideal para qualquer refei\u00e7\u00e3o, fazendo sobressair sabores e envolvendo de forma suave, grande parte das iguarias da cozinha portuguesa.<\/p>\n<\/div>\n<div>\n<p>        <img src=\"\/wp-content\/uploads\/2021\/07\/img_04.jpg\" alt=\"\"><\/p>\n<\/div>\n<div>\n<p>        <img src=\"\/wp-content\/uploads\/2021\/07\/img_13.jpg\" alt=\"\"><\/p>\n<\/div>\n<h2>Fa\u00e7a uma encomenda<\/h2>\n<div>\n<p>Pode entrar me contacto para solicitar uma encomenda de azeite<\/p>\n<\/div>\n<p>\n    <a href=\"\/index.php?page_id=19\">Contacte-nos<\/a>\n<\/p>\n<div>\n<p>Ou ligue-nos diretamente +351 224643411<\/p>\n<\/div>\n<p><!--more--><br \/>\n<!-- {\"name\":\"Portfolio\",\"type\":\"layout\",\"children\":[{\"name\":\"Hero\",\"type\":\"section\",\"props\":{\"width\":\"default\",\"padding\":\"large\",\"style\":\"default\",\"image_position\":\"center-right\",\"padding_remove_top\":false,\"animation\":\"fade\",\"image\":\"wp-content\\\/uploads\\\/yootheme\\\/our-story-hero-bg.svg\",\"vertical_align\":\"middle\",\"title_position\":\"top-left\",\"title_rotation\":\"left\",\"title_breakpoint\":\"xl\",\"media_visibility\":\"m\"},\"children\":[{\"name\":\"\",\"type\":\"row\",\"props\":{\"margin\":\"xlarge\"},\"children\":[{\"name\":\"\",\"type\":\"column\",\"props\":{\"image_position\":\"center-center\",\"media_overlay_gradient\":\"\",\"width_medium\":\"1-1\"},\"children\":[{\"name\":\"\",\"type\":\"headline\",\"props\":{\"title_element\":\"h1\",\"content\":\"Acerca\",\"title_style\":\"h6\",\"text_align\":\"center\"}},{\"name\":\"\",\"type\":\"headline\",\"props\":{\"title_element\":\"div\",\"content\":\"Produzimos Azeite de qualidade\",\"title_style\":\"h2\",\"text_align\":\"center\",\"maxwidth\":\"2xlarge\",\"margin\":\"large\",\"margin_remove_bottom\":true,\"block_align\":\"center\"}},{\"name\":\"\",\"type\":\"divider\",\"props\":{\"divider_element\":\"div\",\"divider_style\":\"small\",\"divider_align\":\"center\",\"margin\":\"medium\"}}]}]}]},{\"name\":\"History\",\"type\":\"section\",\"props\":{\"width\":\"default\",\"padding\":\"large\",\"style\":\"default\",\"image_position\":\"top-right\",\"padding_remove_top\":true,\"animation\":\"fade\",\"image\":\"\",\"image_fixed\":false,\"vertical_align\":\"middle\",\"title_position\":\"top-left\",\"title_rotation\":\"left\",\"title_breakpoint\":\"xl\"},\"children\":[{\"name\":\"\",\"type\":\"row\",\"props\":{\"layout\":\"1-2,1-2\",\"divider\":false},\"children\":[{\"name\":\"\",\"type\":\"column\",\"props\":{\"image_position\":\"center-center\",\"media_overlay_gradient\":\"\",\"width_small\":\"1-2\"},\"children\":[{\"name\":\"\",\"type\":\"panel\",\"props\":{\"link_text\":\"Read more\",\"title_element\":\"h3\",\"meta_style\":\"meta\",\"meta_align\":\"below-title\",\"image_align\":\"top\",\"image_grid_width\":\"1-2\",\"link_style\":\"default\",\"margin\":\"large\",\"image\":\"wp-content\\\/uploads\\\/2021\\\/07\\\/img_02.jpg\",\"content\":\"\",\"title\":\"\",\"meta\":\"\",\"image_width\":\"610\",\"image_height\":\"814\",\"image_svg_color\":\"emphasis\",\"title_hover_style\":\"reset\",\"title_align\":\"top\",\"title_grid_width\":\"1-2\",\"title_grid_breakpoint\":\"m\",\"image_grid_breakpoint\":\"m\",\"icon_width\":80,\"meta_element\":\"div\",\"content_column_breakpoint\":\"m\"}},{\"name\":\"\",\"type\":\"headline\",\"props\":{\"title_element\":\"h2\",\"content\":\"A nossa actividade\",\"margin\":\"default\",\"margin_remove_bottom\":false,\"title_style\":\"h3\"}},{\"name\":\"\",\"type\":\"text\",\"props\":{\"column_breakpoint\":\"m\",\"margin\":\"default\",\"content\":\"\n\n<ul>\\n\n\n<li>Produ\\u00e7\\u00e3o agr\\u00edcola, cultura da oliveira e cultura de vinhas, incluindo o com\\u00e9rcio a retalho e por grosso dos produtos resultantes da transforma\\u00e7\\u00e3o dos seus frutos, designadamente do azeite e do vinho;<\\\/li>\\n\n\n<li>Cultura de produtos hort\\u00edcolas, ra\\u00edzes e tub\\u00e9rculos:<\\\/li>\\n\n\n<li>Consultoria no dom\\u00ednio agr\\u00edcola e ambiental;<\\\/li>\\n\n\n<li>Turismo no espa\\u00e7o rural.<\\\/li>\\n<\\\/ul>\"}}]},{\"name\":\"\",\"type\":\"column\",\"props\":{\"image_position\":\"center-center\",\"media_overlay_gradient\":\"\",\"width_small\":\"1-2\"},\"children\":[{\"name\":\"\",\"type\":\"headline\",\"props\":{\"title_element\":\"h2\",\"content\":\"A nossa paix\\u00e3o\",\"margin\":\"medium\",\"margin_remove_bottom\":false,\"title_style\":\"h3\"}},{\"name\":\"\",\"type\":\"text\",\"props\":{\"column_breakpoint\":\"m\",\"margin\":\"medium\",\"content\":\"\n\n<p>A tradi\\u00e7\\u00e3o aliada \\u00e0 modernidade, unem-se na produ\\u00e7\\u00e3o de azeite na Quinta do Rebent\\u00e3o, no Parque Natural do Douro Internacional. Os azeites aqui produzidos destacam-se pelo sabor e aroma, dando origem a um produto 100% natural, conseguido pelas boas condi\\u00e7\\u00f5es climat\\u00e9ricas, pela escolha de variedades de azeitona de qualidade e pelo investimento em t\\u00e9cnicas avan\\u00e7adas para a sua produ\\u00e7\\u00e3o. O azeite proveniente da Quinta do Rebent\\u00e3o \\u00e9 o acompanhamento ideal para qualquer refei\\u00e7\\u00e3o, fazendo sobressair sabores e envolvendo de forma suave, grande parte das iguarias da cozinha portuguesa.<\\\/p>\",\"dropcap\":true}},{\"name\":\"\",\"type\":\"panel\",\"props\":{\"link_text\":\"Read more\",\"title_element\":\"h3\",\"meta_style\":\"meta\",\"meta_align\":\"below-title\",\"image_align\":\"top\",\"image_grid_width\":\"1-2\",\"link_style\":\"default\",\"margin\":\"large\",\"image\":\"wp-content\\\/uploads\\\/2021\\\/07\\\/img_04.jpg\",\"content\":\"\",\"title\":\"\",\"meta\":\"\",\"margin_remove_bottom\":true,\"image_width\":\"610\",\"image_height\":\"380\",\"image_svg_color\":\"emphasis\",\"title_hover_style\":\"reset\",\"title_align\":\"top\",\"title_grid_width\":\"1-2\",\"title_grid_breakpoint\":\"m\",\"image_grid_breakpoint\":\"m\",\"icon_width\":80,\"meta_element\":\"div\",\"content_column_breakpoint\":\"m\"}},{\"name\":\"\",\"type\":\"panel\",\"props\":{\"link_text\":\"Read more\",\"title_element\":\"h3\",\"meta_style\":\"meta\",\"meta_align\":\"below-title\",\"image_align\":\"top\",\"image_grid_width\":\"1-2\",\"link_style\":\"default\",\"margin\":\"medium\",\"image\":\"wp-content\\\/uploads\\\/2021\\\/07\\\/img_13.jpg\",\"content\":\"\",\"title\":\"\",\"meta\":\"\",\"image_width\":\"610\",\"image_height\":\"380\",\"image_svg_color\":\"emphasis\",\"title_hover_style\":\"reset\",\"title_align\":\"top\",\"title_grid_width\":\"1-2\",\"title_grid_breakpoint\":\"m\",\"image_grid_breakpoint\":\"m\",\"icon_width\":80,\"meta_element\":\"div\",\"content_column_breakpoint\":\"m\"}}]}]}]},{\"name\":\"Call to action\",\"type\":\"section\",\"props\":{\"style\":\"default\",\"width\":\"default\",\"image_position\":\"center-center\",\"padding\":\"large\",\"padding_remove_top\":false,\"animation\":\"fade\",\"vertical_align\":\"middle\",\"title_position\":\"top-left\",\"title_rotation\":\"left\",\"title_breakpoint\":\"xl\"},\"children\":[{\"name\":\"\",\"type\":\"row\",\"children\":[{\"name\":\"\",\"type\":\"column\",\"props\":{\"image_position\":\"center-center\",\"media_overlay_gradient\":\"\",\"width_medium\":\"1-1\"},\"children\":[{\"name\":\"\",\"type\":\"headline\",\"props\":{\"title_element\":\"h2\",\"content\":\"Fa\\u00e7a uma encomenda\",\"text_align\":\"center\",\"margin_remove_top\":false}},{\"name\":\"\",\"type\":\"text\",\"props\":{\"column_breakpoint\":\"m\",\"margin\":\"medium\",\"content\":\"\n\n<p>Pode entrar me contacto para solicitar uma encomenda de azeite<\\\/p>\",\"text_align\":\"center\",\"maxwidth\":\"large\",\"block_align\":\"center\"}},{\"name\":\"\",\"type\":\"button\",\"props\":{\"margin\":\"medium\",\"button_size\":\"large\",\"text_align\":\"center\",\"grid_column_gap\":\"small\",\"grid_row_gap\":\"small\"},\"children\":[{\"name\":\"\",\"type\":\"button_item\",\"props\":{\"button_style\":\"secondary\",\"icon_align\":\"left\",\"content\":\"Contacte-nos\",\"link\":\"index.php?page_id=19\"}}]},{\"name\":\"\",\"type\":\"text\",\"props\":{\"column_breakpoint\":\"m\",\"margin\":\"default\",\"content\":\"\n\n<p>Ou ligue-nos diretamente +351 224643411<\\\/p>\",\"text_align\":\"center\"}}]}]}]}],\"version\":\"2.5.8\"} --><\/p>\n","protected":false},"excerpt":{"rendered":"<p>Acerca Produzimos Azeite de qualidade A nossa actividade Produ\u00e7\u00e3o agr\u00edcola, cultura da oliveira e cultura de vinhas, incluindo o com\u00e9rcio a retalho e por grosso dos produtos resultantes da transforma\u00e7\u00e3o dos seus frutos, designadamente do azeite e do vinho; Cultura de produtos hort\u00edcolas, ra\u00edzes e tub\u00e9rculos: Consultoria no dom\u00ednio agr\u00edcola e ambiental; Turismo no espa\u00e7o [&hellip;]<\/p>\n","protected":false},"author":1,"featured_media":0,"parent":0,"menu_order":4,"comment_status":"open","ping_status":"open","template":"","meta":[],"_links":{"self":[{"href":"https:\/\/www.ppnatur.pt\/index.php?rest_route=\/wp\/v2\/pages\/2"}],"collection":[{"href":"https:\/\/www.ppnatur.pt\/index.php?rest_route=\/wp\/v2\/pages"}],"about":[{"href":"https:\/\/www.ppnatur.pt\/index.php?rest_route=\/wp\/v2\/types\/page"}],"author":[{"embeddable":true,"href":"https:\/\/www.ppnatur.pt\/index.php?rest_route=\/wp\/v2\/users\/1"}],"replies":[{"embeddable":true,"href":"https:\/\/www.ppnatur.pt\/index.php?rest_route=%2Fwp%2Fv2%2Fcomments&post=2"}],"version-history":[{"count":18,"href":"https:\/\/www.ppnatur.pt\/index.php?rest_route=\/wp\/v2\/pages\/2\/revisions"}],"predecessor-version":[{"id":1176,"href":"https:\/\/www.ppnatur.pt\/index.php?rest_route=\/wp\/v2\/pages\/2\/revisions\/1176"}],"wp:attachment":[{"href":"https:\/\/www.ppnatur.pt\/index.php?rest_route=%2Fwp%2Fv2%2Fmedia&parent=2"}],"curies":[{"name":"wp","href":"https:\/\/api.w.org\/{rel}","templated":true}]}}